{"id":192,"date":"2023-03-16T03:11:43","date_gmt":"2023-03-16T03:11:43","guid":{"rendered":"https:\/\/krystalpoolscr.com\/?page_id=192"},"modified":"2023-08-05T05:28:49","modified_gmt":"2023-08-05T05:28:49","slug":"contactanos","status":"publish","type":"page","link":"https:\/\/krystalpoolscr.com\/index.php\/contactanos\/","title":{"rendered":"Contacto"},"content":{"rendered":"\n<br><\/br>\n\n\n\n<p>Gracias por considerarnos  para sus necesidades de dise\u00f1o, construcci\u00f3n y remodelaci\u00f3n de piscinas en Costa Rica. Estamos dedicados a brindar a nuestros clientes un servicio excepcional y una mano de obra de alta calidad.<\/p>\n\n\n\n<p>\u00bfTienes alguna pregunta o comentario? <strong>Por favor, cont\u00e1ctanos y te responderemos lo antes posible.<\/strong><\/p>\n\n\n\n<ul class=\"wp-block-list\">\n<li><strong>Tel\u00e9fono:<\/strong> +506 8887 7665<\/li>\n\n\n\n<li><strong>Correo electr\u00f3nico:<\/strong> <a href=\"mailto:info@krystalpoolscr.com\">info@krystalpoolscr.com<\/a><\/li>\n\n\n\n<li><strong>Facebook:<\/strong> <a href=\"https:\/\/www.facebook.com\/KrystalPoolsCR\" target=\"_blank\" rel=\"noreferrer noopener\">\/KrystalPoolsCR<\/a><\/li>\n<\/ul>\n\n\n\n<p>Nuestro equipo tiene una amplia experiencia en todos los aspectos del dise\u00f1o, construcci\u00f3n y remodelaci\u00f3n de piscinas. Ya sea que est\u00e9 buscando construir una nueva piscina, renovar una piscina existente o simplemente agregar nuevas caracter\u00edsticas y accesorios, podemos ayudarlo a hacer realidad su visi\u00f3n.<\/p>\n\n\n\n<p>En nuestra empresa, creemos que la comunicaci\u00f3n es clave para un proyecto exitoso, por eso trabajamos en estrecha colaboraci\u00f3n con nuestros clientes durante todo el proceso para garantizar que se satisfagan sus necesidades y expectativas.<\/p>\n\n\n\n<p>Cont\u00e1ctenos hoy para obtener m\u00e1s informaci\u00f3n sobre c\u00f3mo podemos ayudarlo a crear la piscina perfecta para su hogar o negocio en Costa Rica.<\/p>\n\n\n\n<p><\/p>\n\n\n\n<p><\/p>\n","protected":false},"excerpt":{"rendered":"<p>Gracias por considerarnos para sus necesidades de dise\u00f1o, construcci\u00f3n y remodelaci\u00f3n de piscinas en Costa Rica. Estamos dedicados a brindar a nuestros clientes un servicio excepcional y una mano de obra de alta calidad. \u00bfTienes alguna pregunta o comentario? Por favor, cont\u00e1ctanos y te responderemos lo antes posible. Nuestro equipo tiene una amplia experiencia en todos los aspectos del dise\u00f1o, construcci\u00f3n y remodelaci\u00f3n de piscinas. Ya sea que est\u00e9 buscando construir una nueva piscina, renovar una piscina existente o simplemente agregar nuevas caracter\u00edsticas y accesorios, podemos ayudarlo a hacer realidad su visi\u00f3n. En nuestra empresa, creemos que la comunicaci\u00f3n es\u2026<\/p>\n","protected":false},"author":1,"featured_media":0,"parent":0,"menu_order":0,"comment_status":"closed","ping_status":"closed","template":"","meta":{"footnotes":""},"class_list":["post-192","page","type-page","status-publish","hentry"],"blocksy_meta":"","aioseo_notices":[],"yoast_head":"<!-- This site is optimized with the Yoast SEO plugin v20.12 - https:\/\/yoast.com\/wordpress\/plugins\/seo\/ -->\n<title>Contacto - Krystal Pools<\/title>\n<meta name=\"description\" content=\"Estamos aqu\u00ed para ayudarte a dise\u00f1ar, construir o remodelar tu piscina. Cont\u00e1ctanos y da el primer paso hacia la piscina de tus sue\u00f1os. +506 8887 7665\" \/>\n<meta name=\"robots\" content=\"index, follow, max-snippet:-1, max-image-preview:large, max-video-preview:-1\" \/>\n<link rel=\"canonical\" href=\"https:\/\/krystalpoolscr.com\/index.php\/contactanos\/\" \/>\n<meta property=\"og:locale\" content=\"en_US\" \/>\n<meta property=\"og:type\" content=\"article\" \/>\n<meta property=\"og:title\" content=\"Contacto - Krystal Pools\" \/>\n<meta property=\"og:description\" content=\"Estamos aqu\u00ed para ayudarte a dise\u00f1ar, construir o remodelar tu piscina. Cont\u00e1ctanos y da el primer paso hacia la piscina de tus sue\u00f1os. +506 8887 7665\" \/>\n<meta property=\"og:url\" content=\"https:\/\/krystalpoolscr.com\/index.php\/contactanos\/\" \/>\n<meta property=\"og:site_name\" content=\"Krystal Pools\" \/>\n<meta property=\"article:publisher\" content=\"https:\/\/www.facebook.com\/KrystalPoolsCR\" \/>\n<meta property=\"article:modified_time\" content=\"2023-08-05T05:28:49+00:00\" \/>\n<meta name=\"twitter:card\" content=\"summary_large_image\" \/>\n<meta name=\"twitter:label1\" content=\"Est. reading time\" \/>\n\t<meta name=\"twitter:data1\" content=\"1 minute\" \/>\n<script type=\"application\/ld+json\" class=\"yoast-schema-graph\">{\"@context\":\"https:\/\/schema.org\",\"@graph\":[{\"@type\":\"WebPage\",\"@id\":\"https:\/\/krystalpoolscr.com\/index.php\/contactanos\/\",\"url\":\"https:\/\/krystalpoolscr.com\/index.php\/contactanos\/\",\"name\":\"Contacto - Krystal Pools\",\"isPartOf\":{\"@id\":\"https:\/\/krystalpoolscr.com\/#website\"},\"datePublished\":\"2023-03-16T03:11:43+00:00\",\"dateModified\":\"2023-08-05T05:28:49+00:00\",\"description\":\"Estamos aqu\u00ed para ayudarte a dise\u00f1ar, construir o remodelar tu piscina. Cont\u00e1ctanos y da el primer paso hacia la piscina de tus sue\u00f1os. +506 8887 7665\",\"breadcrumb\":{\"@id\":\"https:\/\/krystalpoolscr.com\/index.php\/contactanos\/#breadcrumb\"},\"inLanguage\":\"en-US\",\"potentialAction\":[{\"@type\":\"ReadAction\",\"target\":[\"https:\/\/krystalpoolscr.com\/index.php\/contactanos\/\"]}]},{\"@type\":\"BreadcrumbList\",\"@id\":\"https:\/\/krystalpoolscr.com\/index.php\/contactanos\/#breadcrumb\",\"itemListElement\":[{\"@type\":\"ListItem\",\"position\":1,\"name\":\"Home\",\"item\":\"https:\/\/krystalpoolscr.com\/\"},{\"@type\":\"ListItem\",\"position\":2,\"name\":\"Contacto\"}]},{\"@type\":\"WebSite\",\"@id\":\"https:\/\/krystalpoolscr.com\/#website\",\"url\":\"https:\/\/krystalpoolscr.com\/\",\"name\":\"Krystal Pools\",\"description\":\"Making your dream pool a reality\",\"publisher\":{\"@id\":\"https:\/\/krystalpoolscr.com\/#organization\"},\"potentialAction\":[{\"@type\":\"SearchAction\",\"target\":{\"@type\":\"EntryPoint\",\"urlTemplate\":\"https:\/\/krystalpoolscr.com\/?s={search_term_string}\"},\"query-input\":\"required name=search_term_string\"}],\"inLanguage\":\"en-US\"},{\"@type\":\"Organization\",\"@id\":\"https:\/\/krystalpoolscr.com\/#organization\",\"name\":\"Krystal Pools\",\"url\":\"https:\/\/krystalpoolscr.com\/\",\"logo\":{\"@type\":\"ImageObject\",\"inLanguage\":\"en-US\",\"@id\":\"https:\/\/krystalpoolscr.com\/#\/schema\/logo\/image\/\",\"url\":\"https:\/\/krystalpoolscr.com\/wp-content\/uploads\/2023\/03\/KRYSTAL-POOLS-10.png\",\"contentUrl\":\"https:\/\/krystalpoolscr.com\/wp-content\/uploads\/2023\/03\/KRYSTAL-POOLS-10.png\",\"width\":4613,\"height\":2543,\"caption\":\"Krystal Pools\"},\"image\":{\"@id\":\"https:\/\/krystalpoolscr.com\/#\/schema\/logo\/image\/\"},\"sameAs\":[\"https:\/\/www.facebook.com\/KrystalPoolsCR\",\"https:\/\/api.whatsapp.com\/send?phone=50688877665\"]}]}<\/script>\n<!-- \/ Yoast SEO plugin. -->","yoast_head_json":{"title":"Contacto - Krystal Pools","description":"Estamos aqu\u00ed para ayudarte a dise\u00f1ar, construir o remodelar tu piscina. Cont\u00e1ctanos y da el primer paso hacia la piscina de tus sue\u00f1os. +506 8887 7665","robots":{"index":"index","follow":"follow","max-snippet":"max-snippet:-1","max-image-preview":"max-image-preview:large","max-video-preview":"max-video-preview:-1"},"canonical":"https:\/\/krystalpoolscr.com\/index.php\/contactanos\/","og_locale":"en_US","og_type":"article","og_title":"Contacto - Krystal Pools","og_description":"Estamos aqu\u00ed para ayudarte a dise\u00f1ar, construir o remodelar tu piscina. Cont\u00e1ctanos y da el primer paso hacia la piscina de tus sue\u00f1os. +506 8887 7665","og_url":"https:\/\/krystalpoolscr.com\/index.php\/contactanos\/","og_site_name":"Krystal Pools","article_publisher":"https:\/\/www.facebook.com\/KrystalPoolsCR","article_modified_time":"2023-08-05T05:28:49+00:00","twitter_card":"summary_large_image","twitter_misc":{"Est. reading time":"1 minute"},"schema":{"@context":"https:\/\/schema.org","@graph":[{"@type":"WebPage","@id":"https:\/\/krystalpoolscr.com\/index.php\/contactanos\/","url":"https:\/\/krystalpoolscr.com\/index.php\/contactanos\/","name":"Contacto - Krystal Pools","isPartOf":{"@id":"https:\/\/krystalpoolscr.com\/#website"},"datePublished":"2023-03-16T03:11:43+00:00","dateModified":"2023-08-05T05:28:49+00:00","description":"Estamos aqu\u00ed para ayudarte a dise\u00f1ar, construir o remodelar tu piscina. Cont\u00e1ctanos y da el primer paso hacia la piscina de tus sue\u00f1os. +506 8887 7665","breadcrumb":{"@id":"https:\/\/krystalpoolscr.com\/index.php\/contactanos\/#breadcrumb"},"inLanguage":"en-US","potentialAction":[{"@type":"ReadAction","target":["https:\/\/krystalpoolscr.com\/index.php\/contactanos\/"]}]},{"@type":"BreadcrumbList","@id":"https:\/\/krystalpoolscr.com\/index.php\/contactanos\/#breadcrumb","itemListElement":[{"@type":"ListItem","position":1,"name":"Home","item":"https:\/\/krystalpoolscr.com\/"},{"@type":"ListItem","position":2,"name":"Contacto"}]},{"@type":"WebSite","@id":"https:\/\/krystalpoolscr.com\/#website","url":"https:\/\/krystalpoolscr.com\/","name":"Krystal Pools","description":"Making your dream pool a reality","publisher":{"@id":"https:\/\/krystalpoolscr.com\/#organization"},"potentialAction":[{"@type":"SearchAction","target":{"@type":"EntryPoint","urlTemplate":"https:\/\/krystalpoolscr.com\/?s={search_term_string}"},"query-input":"required name=search_term_string"}],"inLanguage":"en-US"},{"@type":"Organization","@id":"https:\/\/krystalpoolscr.com\/#organization","name":"Krystal Pools","url":"https:\/\/krystalpoolscr.com\/","logo":{"@type":"ImageObject","inLanguage":"en-US","@id":"https:\/\/krystalpoolscr.com\/#\/schema\/logo\/image\/","url":"https:\/\/krystalpoolscr.com\/wp-content\/uploads\/2023\/03\/KRYSTAL-POOLS-10.png","contentUrl":"https:\/\/krystalpoolscr.com\/wp-content\/uploads\/2023\/03\/KRYSTAL-POOLS-10.png","width":4613,"height":2543,"caption":"Krystal Pools"},"image":{"@id":"https:\/\/krystalpoolscr.com\/#\/schema\/logo\/image\/"},"sameAs":["https:\/\/www.facebook.com\/KrystalPoolsCR","https:\/\/api.whatsapp.com\/send?phone=50688877665"]}]}},"_links":{"self":[{"href":"https:\/\/krystalpoolscr.com\/index.php\/wp-json\/wp\/v2\/pages\/192","targetHints":{"allow":["GET"]}}],"collection":[{"href":"https:\/\/krystalpoolscr.com\/index.php\/wp-json\/wp\/v2\/pages"}],"about":[{"href":"https:\/\/krystalpoolscr.com\/index.php\/wp-json\/wp\/v2\/types\/page"}],"author":[{"embeddable":true,"href":"https:\/\/krystalpoolscr.com\/index.php\/wp-json\/wp\/v2\/users\/1"}],"replies":[{"embeddable":true,"href":"https:\/\/krystalpoolscr.com\/index.php\/wp-json\/wp\/v2\/comments?post=192"}],"version-history":[{"count":12,"href":"https:\/\/krystalpoolscr.com\/index.php\/wp-json\/wp\/v2\/pages\/192\/revisions"}],"predecessor-version":[{"id":1282,"href":"https:\/\/krystalpoolscr.com\/index.php\/wp-json\/wp\/v2\/pages\/192\/revisions\/1282"}],"wp:attachment":[{"href":"https:\/\/krystalpoolscr.com\/index.php\/wp-json\/wp\/v2\/media?parent=192"}],"curies":[{"name":"wp","href":"https:\/\/api.w.org\/{rel}","templated":true}]}}